mposite number?
True
Is 97045577 a prime number?
True
Is 2461058 a prime number?
False
Is 438737 a composite number?
True
Is 109297163 composite?
False
Is 8326889 composite?
True
Is 44924647 a prime number?
True
Is 36298351 composite?
False
Is 69742949 composite?
True
Is 1437463 a composite number?
True
Is 2237689 composite?
False
Is 2367895 composite?
True
Is 104287349 composite?
True
Is 36246587 a composite number?
True
Is 1842241 composite?
True
Is 3691407 a prime number?
False
Is 71382097 composite?
True
Is 10753913 composite?
True
Is 2383271 prime?
False
Is 22635661 composite?
True
Is 78781363 a composite number?
True
Is 26676541 a prime number?
True
Is 7163213 a prime number?
True
Is 8789819 composite?
True
Is 33531001 a composite number?
True
Is 1135903843 composite?
False
Is 433993919 a composite number?
False
Is 1765139 a composite number?
False
Is 146131063 composite?
True
Is 38851009 a prime number?
True
Is 7089631 a composite number?
True
Is 49549909 prime?
True
Is 80946881 composite?
False
Is 11885591 prime?
False
Is 4939157 composite?
True
Is 1747113 prime?
False
Is 88852079 a prime number?
True
Is 1275269 a composite number?
False
Is 3144227 a prime number?
False
Is 51019717 a prime number?
False
Is 109734281 a composite number?
True
Is 1389503 prime?
False
Is 3408563 a prime number?
True
Is 93079609 a prime number?
False
Is 36485443 composite?
True
Is 106522919 a prime number?
True
Is 73240549 prime?
True
Is 18293761 a prime number?
False
Is 17799107 composite?
False
Is 420857069 prime?
True
Is 10992461 a composite number?
False
Is 162360169 a composite number?
False
Is 107559371 a prime number?
True
Is 21749683 prime?
False
Is 71187943 a composite number?
True
Is 228679697 a composite number?
False
Is 96533189 a composite number?
False
Is 512749 composite?
True
Is 215840159 a composite number?
False
Is 871704111 a composite number?
True
Is 14477789 composite?
False
Is 20949601 prime?
True
Is 78049277 prime?
True
Is 7967081 a prime number?
True
Is 46735561 prime?
True
Is 156121045 a prime number?
False
Is 2662801 a composite number?
True
Is 2481107 a prime number?
True
Is 1344761 composite?
True
Is 32499119 a composite number?
True
Is 31882993 prime?
True
Is 7745893 a composite number?
False
Is 1942493 a composite number?
True
Is 12448237 composite?
False
Is 14106421 a prime number?
False
Is 3642113 prime?
False
Is 4083158 a prime number?
False
Is 16862705 composite?
True
Is 1629541 prime?
True
Is 14265061 a composite number?
True
Is 5163157 composite?
True
Is 90194837 a composite number?
False
Is 11739241 a prime number?
True
Is 555647 a prime number?
False
Is 25590111 composite?
True
Is 230453 a prime number?
True
Is 1184471 prime?
True
Is 1756483 a prime number?
True
Is 4604837 prime?
True
Is 3906746 prime?
False
Is 41601853 a composite number?
False
Is 16792491 a composite number?
True
Is 276401 prime?
True
Is 2497968059 a composite number?
False
Is 13743383 a composite number?
False
Is 114169159 composite?
True
Is 6081371 composite?
False
Is 25777823 composite?
True
Is 8277323 prime?
True
Is 10958113 a composite number?
False
Is 21276319 a prime number?
False
Is 747601473 a prime number?
False
Is 89701867 composite?
False
Is 601550171 a prime number?
True
Is 24294703 a composite number?
False
Is 4758751 composite?
False
Is 1437097 a composite number?
False
Is 37463119 prime?
True
Is 920863 a prime number?
True
Is 1137937 a prime number?
True
Is 9747643 composite?
False
Is 24409421 composite?
True
Is 191674257 composite?
True
Is 12605807 a composite number?
True
Is 1107485303 prime?
False
Is 58802155 a composite number?
True
Is 1960613 a composite number?
False
Is 9734207 composite?
True
Is 25782343 composite?
False
Is 93047 a prime number?
True
Is 7839679 a prime number?
True
Is 7601383 a prime number?
False
Is 171526807 composite?
False
Is 180271711 a composite number?
True
Is 574597 composite?
False
Is 9339997 a composite number?
True
Is 257153833 composite?
False
Is 8540327 a prime number?
True
Is 11034741 composite?
True
Is 137251333 prime?
True
Is 1972777 a prime number?
True
Is 19306933 composite?
True
Is 132683567 composite?
True
Is 1082677 composite?
True
Is 986468647 prime?
True
Is 2457661 composite?
True
Is 8169521 prime?
False
Is 75858307 prime?
False
Is 66965963 prime?
False
Is 3359261 a prime number?
True
Is 1893451 a composite number?
True
Is 168253363 composite?
True
Is 7456831 a composite number?
True
Is 4960381 a composite number?
True
Is 358559 prime?
False
Is 782573 a prime number?
False
Is 17276893 a composite number?
False
Is 10031369 prime?
True
Is 105553293 prime?
False
Is 285581437 a prime number?
False
Is 4654697 composite?
False
Is 2078679 a prime number?
False
Is 247666681 a prime number?
False
Is 106023691 a prime number?
False
Is 67844249 prime?
False
Is 47052067 composite?
True
Is 2268671 composite?
False
Is 8376295 a composite number?
True
Is 2609303 a prime number?
False
Is 2746943 composite?
True
Is 1965811 a composite number?
True
Is 111418009 prime?
True
Is 6780551 composite?
False
Is 16811 prime?
True
Is 3768017 a composite number?
True
Is 34204531 prime?
True
Is 62886629 composite?
True
Is 277548601 a prime number?
False
Is 44687927 a prime number?
False
Is 61674929 a composite number?
True
Is 26940883 composite?
False
Is 19070131 a composite number?
False
Is 172970769 a prime number?
False
Is 4025717 a prime number?
True
Is 89786127 prime?
False
Is 69764047 composite?
True
Is 419773 a prime number?
False
Is 7562429 a prime number?
False
Is 1180959479 a composite number?
True
Is 19168937 composite?
False
Is 882527 prime?
False
Is 5351183 prime?
False
Is 15414933 a prime number?
False
Is 53282419 a composite number?
True
Is 1300973 prime?
False
Is 687571 a prime number?
False
Is 33264893 a prime number?
True
Is 4806579 composite?
True
Is 2961085 prime?
False
Is 1363529 a prime number?
False
Is 352841033 composite?
True
Is 26210279 composite?
False
Is 200969 prime?
False
Is 36939563 prime?
True
Is 6535099 prime?
True
Is 27129561 prime?
False
Is 15931 a composite number?
True
Is 1481559 a composite number?
True
Is 1861089 a composite number?
True
Is 10616999 prime?
True
Is 92251921 a prime number?
False
Is 152844473 composite?
True
Is 72160861 composite?
True
Is 191908137 prime?
False
Is 12795214 a prime number?
False
Is 215308661 composite?
True
Is 14271563 prime?
False
Is 36162713 composite?
False
Is 218760251 a composite number?
True
Is 98963 composite?
False
Is 83773 composite?
False
Is 113084449 a prime number?
False
Is 2380522 a composite number?
True
Is 3695246 a composite number?
True
Is 455146567 prime?
False
Is 81445615 prime?
False
Is 110103701 a composite number?
False
Is 43098049 a prime number?
False
Is 2696203 prime?
True
Is 6239269 a composite number?
True
Is 2976187 composite?
False
Is 6433921 a prime number?
False
Is 1262557 a composite number?
False
Is 169718079 prime?
False
Is 95248301 a composite number?
True
Is 6227321 a prime number?
False
Is 628777 a composite number?
True
Is 42164699 a prime number?
False
Is 328247 composite?
True
Is 86444587 composite?
True
Is 10265609 prime?
True
Is 16189853 a composite number?
True
Is 115491581 composite?
True
Is 8543039 a prime number?
False
Is 162350869 a composite number?
False
Is 13752619 a prime number?
True
Is 47359834 a composite number?
True
Is 33076262 prime?
False
Is 1881697 composite?
False
Is 29808743 a composite number?
False
Is 38534617 a composite number?
True
Is 107348719 prime?
False
Is 352579 composite?
False
Is 434909 a composite number?
False
Is 5492813 a composite number?
True
Is 18905331 composite?
True
Is 2478211 a composite number?
False
Is 36287819 a prime number?
True
Is 21268091 a prime number?
False
Is 1545123 prime?
False
Is 581646781 prime?
False
Is 121560637 composite?
True
Is 719323 a composite number?
True
Is 117456371 prime?
False
Is 1472739 prime?
False
Is 56676671 prime?
False
Is 7949563 prime?
True
Is 901939385 prime?
False
Is 406957 composite?
True
Is 253013377 a composite number?
True
Is 209143934 a prime number?
False
Is 198626369 composite?
True
Is 15858629 prime?
True
Is 3671179 a composite number?
False
Is 42336451 a prime number?
False
Is 8392294 a prime number?
False
Is 8297227 c